3454 is divided by 2212?
2042
What is the remainder when 3210621 is divided by 187?
18
What is the remainder when 70544905 is divided by 32227?
2
Calculate the remainder when 6815037 is divided by 73278.
183
What is the remainder when 8111982 is divided by 805?
802
Calculate the remainder when 105728 is divided by 172.
120
What is the remainder when 794790 is divided by 18063?
18
What is the remainder when 1180954 is divided by 277?
103
What is the remainder when 26468864 is divided by 101?
97
What is the remainder when 20613 is divided by 229?
3
Calculate the remainder when 11548617 is divided by 888355.
2
What is the remainder when 17478297 is divided by 29?
26
Calculate the remainder when 312061 is divided by 3511.
3093
Calculate the remainder when 458223 is divided by 615.
48
What is the remainder when 212503258 is divided by 172?
10
Calculate the remainder when 30602397 is divided by 3075.
3072
Calculate the remainder when 130499569 is divided by 154.
123
What is the remainder when 4247474 is divided by 499?
485
What is the remainder when 1544670 is divided by 698?
694
Calculate the remainder when 20665 is divided by 140.
85
What is the remainder when 160047565 is divided by 193?
192
What is the remainder when 266005 is divided by 2?
1
What is the remainder when 5179019 is divided by 590?
589
What is the remainder when 87110 is divided by 2641?
2598
Calculate the remainder when 1005734 is divided by 5711.
598
Calculate the remainder when 575203 is divided by 287310.
583
What is the remainder when 268059705 is divided by 12?
9
What is the remainder when 16638051 is divided by 1152?
867
What is the remainder when 3757803 is divided by 1377?
1347
Calculate the remainder when 318502 is divided by 317533.
969
Calculate the remainder when 129457 is divided by 490.
97
What is the remainder when 7995 is divided by 832?
507
Calculate the remainder when 419369 is divided by 418050.
1319
What is the remainder when 410424 is divided by 204336?
1752
What is the remainder when 67309 is divided by 12615?
4234
What is the remainder when 136441 is divided by 281?
156
Calculate the remainder when 37780 is divided by 925.
780
What is the remainder when 6971819 is divided by 524?
523
Calculate the remainder when 100467012 is divided by 109800.
12
What is the remainder when 2723078 is divided by 680767?
10
Calculate the remainder when 826224914 is divided by 1486.
1484
Calculate the remainder when 17186907 is divided by 1270.
1267
Calculate the remainder when 588233063 is divided by 26.
15
Calculate the remainder when 29282247 is divided by 357100.
47
Calculate the remainder when 16901347 is divided by 1225.
22
Calculate the remainder when 259888 is divided by 238.
230
What is the remainder when 602921 is divided by 301429?
63
What is the remainder when 97621128 is divided by 90?
18
Calculate the remainder when 2289604 is divided by 372.
316
What is the remainder when 13253057 is divided by 2418?
2417
Calculate the remainder when 636157 is divided by 224.
221
Calculate the remainder when 4803708 is divided by 69.
66
Calculate the remainder when 9885076 is divided by 4676.
12
What is the remainder when 65527 is divided by 108?
79
Calculate the remainder when 4087608 is divided by 5034.
0
Calculate the remainder when 64366 is divided by 4345.
3536
What is the remainder when 52012108 is divided by 636?
28
Calculate the remainder when 603164 is divided by 35470.
174
What is the remainder when 3769772 is divided by 913?
908
Calculate the remainder when 7836532 is divided by 50.
32
What is the remainder when 171455 is divided by 1711?
355
Calculate the remainder when 29306547 is divided by 1425.
1422
What is the remainder when 128517 is divided by 12?
9
Calculate the remainder when 2893866 is divided by 142.
48
What is the remainder when 29933 is divided by 9523?
1364
What is the remainder when 19568936 is divided by 254?
14
What is the remainder when 11049434 is divided by 109?
104
What is the remainder when 26148600 is divided by 5229714?
30
What is the remainder when 681685 is divided by 1?
0
What is the remainder when 2763119 is divided by 1376?
111
What is the remainder when 22459444 is divided by 701857?
20
What is the remainder when 3922427 is divided by 101?
92
Calculate the remainder when 873374 is divided by 297.
194
What is the remainder when 13285796 is divided by 360?
356
Calculate the remainder when 1013393 is divided by 73.
7
Calculate the remainder when 65945402 is divided by 21981793.
23
What is the remainder when 33846 is divided by 156?
150
What is the remainder when 1220756 is divided by 378?
194
What is the remainder when 21720 is divided by 3247?
2238
Calculate the remainder when 51784794 is divided by 1393.
19
Calculate the remainder when 184096 is divided by 3756.
52
What is the remainder when 338856 is divided by 10264?
144
What is the remainder when 119589 is divided by 14787?
1293
Calculate the remainder when 75671 is divided by 24412.
2435
Calculate the remainder when 221320 is divided by 8453.
1542
Calculate the remainder when 406836 is divided by 2199.
21
What is the remainder when 124117 is divided by 9308?
3113
Calculate the remainder when 497115 is divided by 248539.
37
What is the remainder when 26268859 is divided by 9?
1
What is the remainder when 9069172 is divided by 18?
16
Calculate the remainder when 31233283 is divided by 11.
4
Calculate the remainder when 9153955 is divided by 321.
319
What is the remainder when 194360 is divided by 1012?
56
Calculate the remainder when 536671 is divided by 489.
238
Calculate the remainder when 165234 is divided by 904.
706
Calculate the remainder when 104735 is divided by 306.
83
Calculate the remainder when 2166786 is divided by 26.
24
Calculate the remainder when 4575962 is divided by 1061.
930
Calculate the remainder when 45337 is divided by 4646.
3523
What is the remainder when 43505 is divided by 4822?
107
What is the remainder when 44334 is divided by 1375?
334
What is the remainder when 1854401 is divided by 201?
176
Calculate the remainder when 23350202 is divided by 86.
84
Calculate the remainder when 4809291 is divided by 5453.
5198
What is the remainder when 32327 is divided by 1114?
21
What is the remainder when 436910 is divided by 27292?
238
Calculate the remainder when 3922294 is divided by 37714.
38
Calculate the remainder when 131973 is divided by 803.
281
What is the remainder when 2747134 is divided by 4680?
4654
What is the remainder when 5481908 is divided by 72129?
104
What is the remainder when 1127918 is divided by 920?
918
Calculate the remainder when 21890420 is divided by 342.
26
Calculate the remainder when 7752530 is divided by 72.
2
What is the remainder when 9094539 is divided by 422?
17
What is the remainder when 3464256 is divided by 6524?
12
What is the remainder when 2554440 is divided by 145?
120
What is the remainder when 264048 is divided by 1148?
8
What is the remainder when 7641 is divided by 248?
201
Calculate the remainder when 89504 is divided by 29749.
257
Calculate the remainder when 8199473 is divided by 759.
755
What is the remainder when 41004 is divided by 35798?
5206
What is the remainder when 266412 is divided by 65?
42
Calculate the remainder when 1409062 is divided by 924.
886
Calculate the remainder when 47831396 is divided by 49.
46
What is the remainder when 4465129 is divided by 448?
361
What is the remainder when 81119 is divided by 1229?
5
Calculate the remainder when 3053076 is divided by 763266.
12
What is the remainder when 1221725 is divided by 2345?
2325
What is the remainder when 529254 is divided by 31?
22
Calculate the remainder when 593121 is divided by 6673.
5897
Calculate the remainder when 1071480 is divided by 189.
39
What is the remainder when 1004004 is divided by 1003498?
506
What is the remainder when 2167671 is divided by 388?
303
What is the remainder when 2580850 is divided by 516087?
415
What is the remainder when 2472672 is divided by 60309?
3
Calculate the remainder when 5935186 is divided by 1187030.
36
Calculate the remainder when 29449 is divided by 2667.
112
Calculate the remainder when 159804904 is divided by 31.
28
What is the remainder when 670487533 is divided by 3634?
3631
What is the remainder 